{"id":2190,"date":"2025-01-26T22:58:14","date_gmt":"2025-01-26T19:58:14","guid":{"rendered":"https:\/\/www.tusoffice.com\/kurs\/?post_type=product&#038;p=2190"},"modified":"2026-02-26T17:44:00","modified_gmt":"2026-02-26T14:44:00","slug":"tus-takip-sistemi-mini","status":"publish","type":"product","link":"https:\/\/www.tusoffice.com\/kurs\/urun\/tus-takip-sistemi-mini\/","title":{"rendered":"TUS Takip Sistemi Mini"},"content":{"rendered":"<ul>\n<li><strong><span style=\"color: #ff0000; font-size: 18px;\">Ba\u015flang\u0131\u00e7ta TUS Program Paketi \u00f6demesi de yapman\u0131z gerekir.<\/span><\/strong><\/li>\n<\/ul>\n","protected":false},"excerpt":{"rendered":"<p>Ba\u015flang\u0131\u00e7ta TUS Program Paketi \u00f6demesi de yapman\u0131z gerekir.<\/p>\n","protected":false},"featured_media":659,"template":"","meta":[],"product_brand":[],"product_cat":[15],"product_tag":[],"class_list":{"0":"post-2190","1":"product","2":"type-product","3":"status-publish","4":"has-post-thumbnail","6":"product_cat-genel","8":"first","9":"instock","10":"sold-individually","11":"taxable","12":"shipping-taxable","13":"purchasable","14":"product-type-variable"},"_links":{"self":[{"href":"https:\/\/www.tusoffice.com\/kurs\/wp-json\/wp\/v2\/product\/2190","targetHints":{"allow":["GET"]}}],"collection":[{"href":"https:\/\/www.tusoffice.com\/kurs\/wp-json\/wp\/v2\/product"}],"about":[{"href":"https:\/\/www.tusoffice.com\/kurs\/wp-json\/wp\/v2\/types\/product"}],"wp:featuredmedia":[{"embeddable":true,"href":"https:\/\/www.tusoffice.com\/kurs\/wp-json\/wp\/v2\/media\/659"}],"wp:attachment":[{"href":"https:\/\/www.tusoffice.com\/kurs\/wp-json\/wp\/v2\/media?parent=2190"}],"wp:term":[{"taxonomy":"product_brand","embeddable":true,"href":"https:\/\/www.tusoffice.com\/kurs\/wp-json\/wp\/v2\/product_brand?post=2190"},{"taxonomy":"product_cat","embeddable":true,"href":"https:\/\/www.tusoffice.com\/kurs\/wp-json\/wp\/v2\/product_cat?post=2190"},{"taxonomy":"product_tag","embeddable":true,"href":"https:\/\/www.tusoffice.com\/kurs\/wp-json\/wp\/v2\/product_tag?post=2190"}],"curies":[{"name":"wp","href":"https:\/\/api.w.org\/{rel}","templated":true}]}}